959. Suppose 21*x - 14*x - l = 0. What is the remainder when x is divided by 47?
46
Suppose y = -2 + 3, -5*y - 435 = -5*u. Let t = u + -63. What is the remainder when 97 is divided by t?
22
Suppose -9*q + 2246 = -4792. Calculate the remainder when q is divided by 201.
179
Let n = 1048 - 964. Suppose c = 2*o + 6*c - 84, -3*o + n = -3*c. Suppose 3*w + 3*l = 57, 0*w - l = -4*w + 71. What is the remainder when o is divided by w?
14
Suppose 5*o + 15 = 0, 21*p - 3*o + 3543 = 23*p. Suppose -p = -8*g - 16*g. What is the remainder when 294 is divided by g?
72
Let c = 44 - 22. Let m = -1626 + 2679. What is the remainder when m is divided by c?
19
Suppose -51669 = -29*r - 11649. What is the remainder when r is divided by 34?
20
Suppose 0 = -42*o + 16072 + 3038. Let s = o - 437. What is the remainder when s is divided by 10?
8
Suppose -29*y = -71*y - 6720. Let l = 40 + -394. Let b = y - l. Calculate the remainder when b is divided by 49.
47
Let a be -22 + 40 - (-2)/(2/(-3)). Let m be (-1)/2*(a - 21). Suppose -m*y = -z + 69, 0 = 2*y - y. What is the remainder when z is divided by 24?
21
Let s(x) = -21*x**3 + 5*x**2 - 89*x - 59. What is the remainder when s(-8) is divided by 286?
285
What is the remainder when 1065 is divided by 94 - 23 - (-15 - -9 - -11)?
9
Suppose -o = -5*b - 437, -2*o + 2*b + 343 + 563 = 0. What is the remainder when o is divided by 17?
15
Let k(o) = o**3 - 21*o**2 - 70*o + 45. What is the remainder when k(24) is divided by 50?
43
Suppose -9 = 3*v, 10*g - 5*g = -4*v + 2178. Suppose -4*q = -950 - g. What is the remainder when q is divided by 35?
32
Suppose 6*m = m + 120. Let d be (-2)/4*m/(-12). Let q(a) = 53*a + 1. What is the remainder when q(d) is divided by 14?
12
Let d = -1110 - -830. Let b = d + 310. What is the remainder when 44 is divided by b?
14
Suppose 0 = -3*t - 3 + 9, -1916 = -3*j - t. Let c = j - 607. Calculate the remainder when 898 is divided by c.
30
Let j(m) = m**3 + 2*m**2 - 9*m + 994. Calculate the remainder when j(0) is divided by 111.
106
Let q(w) = 7*w - w**2 - 2*w - 3*w + 6*w + 22. Let u be -27*(-2)/(-6)*-1. What is the remainder when q(u) is divided by 7?
6
Let p = 29 + -26. Suppose -144 + p = -3*z. Let u(a) = -2*a + 16. What is the remainder when z is divided by u(2)?
11
Suppose 114 = 2*m + 3*g, 5*m - 627*g = -622*g + 360. Calculate the remainder when 1283 is divided by m.
29
Suppose -4*b = 2*f - 26, -3*b + 295*f = 300*f - 30. What is the remainder when 943 is divided by b?
3
Let g(a) = -3*a - 44. Let z be g(-17). Suppose z*w - 17*w + 110 = 0. What is the remainder when 461 is divided by w?
10
Let n be (11/(-4))/(-11) + 23/4. Suppose h + 4*x = -6, -3*x = -h - 8*x - n. What is the remainder when 44/(h + 2)*-7 is divided by 20?
17
Suppose o = -2*y + 74, 3*y + 4*o = 5*y - 64. Let a be (-6)/(-10) - 4/(-10). Calculate the remainder when y is divided by (-27)/(-2) + a/(-2).
10
Let k be (-10)/35*-3*14/3. Suppose -k*b = -5*y + 472, -5*y - 76 = -3*b - 545. What is the remainder when y is divided by 36?
20
Suppose 0 = 42*g - 28*g - 70. What is the remainder when 20 is divided by (14 - g - 7)/(4/34)?
3
Let p = 1356 + -1283. Calculate the remainder when 725 is divided by p.
68
Suppose 45*j = -3*d + 50*j + 2388, -4*d + 3155 = 3*j. What is the remainder when d is divided by 309?
173
Suppose 2*t + 23*g - 192 = 19*g, -2*t + 176 = -4*g. Calculate the remainder when t is divided by 9.
2
Let f(x) = 33*x**2 + 26*x + 88. What is the remainder when f(-3) is divided by 94?
25
Suppose 2029 - 739 = 5*t. Let x(o) = -o + 20. What is the remainder when t is divided by x(-9)?
26
Suppose -2*p - 88 = -496. Suppose -63 = -7*t - 0*t. Suppose t*j - p = 5*j. Calculate the remainder when j is divided by 9.
6
Let g = -16 + 12. Let k = 4 + g. Suppose 3*s - 11 - 73 = k. Calculate the remainder when 82 is divided by s.
26
Let u(z) = -14*z + 154. Let x(n) = -84*n + 928. Let w(b) = 13*u(b) - 2*x(b). What is the remainder when 97 is divided by w(7)?
1
Let o(w) = -2*w**2 - 56*w - 64. What is the remainder when o(-26) is divided by 24?
16
Let a(g) = -g**2 + g. Let r be a(2). Calculate the remainder when ((-21)/12 - -1)/(107415/(-1820) + 59) is divided by (r/(-1))/((-2)/(-16)).
7
Suppose -68 = t - 2*y + 3*y, -2*t - 4*y = 142. Let o = t - 176. Let g = -109 - o. Calculate the remainder when g is divided by 27.
24
Suppose 0 = r - 0*r - 4. Let u(l) = -l**3 + 17*l**2 + 20*l - 28. Let f be u(18). Suppose 1 = f*z - 55. What is the remainder when z is divided by r?
3
Let v be (-2 - (-55)/10)*6/7. Suppose 0 = -2*d + 3*k + 109, v*d - 2*k = k + 162. Calculate the remainder when d is divided by (-8)/(-4) - 2 - -14.
11
Let g(v) = 16*v**2 - 3*v - 6. Let k be g(5). Suppose -4*c + 1199 = k. What is the remainder when c is divided by 1/((-2)/(-2))*(78 - 52)?
23
Let f = 94 + -52. Suppose f*s + 3*j - 132 = 39*s, 0 = -3*s + j + 144. What is the remainder when (-470)/(-2) + 1*-2 is divided by s?
45
Let h = 84 - -338. Let m = h - 393. What is the remainder when 85 is divided by m?
27
Suppose -6*f + f = -5, -f = 5*c - 11. Suppose c*h = -1 + 35. Calculate the remainder when (50/35)/((-54)/(-2457)) is divided by h.
14
Suppose -1370 + 154 = -19*p. What is the remainder when p is divided by 16?
0
Suppose 0 = -2*l + 5*r - 1465, -2*l - 4*r + 133 - 1571 = 0. Let a = l + 751. What is the remainder when 129 is divided by a?
25
Suppose 2*n - 192 = n. Suppose v = -2*m + n, 3*m - 279 - 3 = -3*v. Let o = -119076 - -119085. What is the remainder when m is divided by o?
8
Let m = -3579 + 3621. Suppose 0 = -2*j - j + 60. Calculate the remainder when m is divided by j.
2
Suppose -5*n = -4*w + 81, -39*n - 41 = -2*w - 36*n. What is the remainder when 51031 is divided by w?
16
Let v(w) = -2*w**2 - 25*w + 37. Let r = -9 - -5. Calculate the remainder when v(-12) is divided by ((-2)/(-1))/(r/(-50)).
24
Let t = 105 - 102. Suppose 735 = 8*f - 7*f - t*c, 2*f - 1473 = 3*c. Calculate the remainder when f is divided by 37.
35
Suppose -16*y = 50 - 354. Suppose -4*b + b + 296 = 4*f, -2*f = b - 150. Suppose -q + f = 2. Calculate the remainder when q is divided by y.
18
Let p(a) = 2*a**2 - 80*a - 323. Suppose 12 = -3*j, -3*q + j = 136 - 446. Calculate the remainder when q is divided by p(-4).
15
Let n(q) = q**3 + 15*q**2 - 36*q + 40. What is the remainder when 206 is divided by n(-17)?
58
Let t = -3758 + 5624. Suppose 39*p - t = 747. Calculate the remainder when p is divided by 10.
7
Let a(s) = s**3 - 5*s**2 + 12*s - 8. Calculate the remainder when a(5) is divided by (-92)/(-4) - 3*1.
12
Suppose -27*l = 23*l - 10000. What is the remainder when 233 is divided by l?
33
Let u(d) = -40*d + 15. Suppose -17*o = -19*o - 2. What is the remainder when 106 is divided by u(o)?
51
Let s(y) be the second derivative of -3*y**3/2 + 10*y**2 - 10*y. Let t be s(9). Let j = -56 - t. What is the remainder when 14 is divided by j?
4
Suppose 90 = 15*v - 645. Suppose -2*q + 163 = g, -5*q + 69 = v. Calculate the remainder when g is divided by 39.
38
Let p(b) = 6*b**2 - 9*b - 10. Let h be p(5). Suppose m - u = 40, m + m - h = -3*u. Calculate the remainder when (-6)/9 - 508/(-6) is divided by m.
41
Suppose 0 = -5*a + 4*t - 51 + 150, a = -3*t + 16. Suppose 602 = a*h - 690. What is the remainder when h is divided by 20?
8
Let w(d) = d**3 + 9*d + 16. Calculate the remainder when (4/(-12))/((-2)/(-24)) + 89 is divided by w(0).
5
Let w = -105 + 127. Let n = -5 + 9. Suppose -s - s = -n*d - 126, -3*d = 2*s - 126. What is the remainder when s is divided by w?
19
Suppose -3*r + 378 = 3*i - 0*r, 4*i + 5*r - 509 = 0. Let j = 20197 - 20134. What is the remainder when i is divided by j?
58
Suppose 0 = -4*k - 9 + 1. Let v = 2919 + -2839. What is the remainder when 96 is divided by (-3)/k*v/6?
16
Let b(s) = s**3 - 14*s**2 - 34*s - 80. What is the remainder when b(19) is divided by 12?
11
Let a = -362 - -363. What is the remainder when 241 is divided by (105/(4 - 1))/a?
31
Let k = -311 + 311. Suppose -2736 = -k*p - 16*p. Let z(t) = -t**3 + 5*t**2 + 7*t - 6. Calculate the remainder when p is divided by z(5).
26
Suppose -2*p - 3 = 7, 0 = -5*n - 5*p. Suppose 4*g - 3*g - 36 = -n*x, 0 = x - 4*g - 3. Suppose x*l + 18 - 116 = 0. What is the remainder when 24 is divided by l?
10
What is the remainder when 136 is divided by (-736)/23 + 33 + (42 - -2 - 2)?
7
